{"id":695,"date":"2017-10-25T17:00:52","date_gmt":"2017-10-25T16:00:52","guid":{"rendered":"http:\/\/localhost\/wordpress\/?page_id=695"},"modified":"2025-11-28T16:07:07","modified_gmt":"2025-11-28T15:07:07","slug":"home-3","status":"publish","type":"page","link":"https:\/\/stt-inter.com\/","title":{"rendered":"Home 3"},"content":{"rendered":"<div class=\"wpb-content-wrapper\"><p>[vc_row][vc_column][rev_slider_vc alias=\u00a0\u00bbhome_1&Prime;][\/vc_column][\/vc_row][vc_row css_animation=\u00a0\u00bbfadeInDown\u00a0\u00bb css=\u00a0\u00bb.vc_custom_1522465803167{margin-bottom: 15px !important;padding-top: 45px !important;}\u00a0\u00bb][vc_column width=\u00a0\u00bb1\/3&Prime; css=\u00a0\u00bb.vc_custom_1508555782010{margin-bottom: 30px !important;}\u00a0\u00bb][cms_fancybox_single fancy_style=\u00a0\u00bbstyle-1&Prime; title_item=\u00a0\u00bbLivraison s\u00fbre et s\u00e9curis\u00e9e\u00a0\u00bb box_shadow=\u00a0\u00bbtrue\u00a0\u00bb button_text=\u00a0\u00bbRead More\u00a0\u00bb cms_template=\u00a0\u00bbcms_fancybox_single.php\u00a0\u00bb description_item=\u00a0\u00bbSTT-INTER assure le transport et la logistique de vos marchandises tant a\u00e9rien, maritime que terrestre \u00e0 votre enti\u00e8re satisfaction\u00a0\u00bb image=\u00a0\u00bb1773&Prime; link=\u00a0\u00bburl:https%3A%2F%2Fstt-inter.com%2F%3Fservices%3Dglobal-transportation|title:En%20savoir%20plus\u00a0\u00bb][\/vc_column][vc_column width=\u00a0\u00bb1\/3&Prime; css=\u00a0\u00bb.vc_custom_1508555789869{margin-bottom: 30px !important;}\u00a0\u00bb][cms_fancybox_single fancy_style=\u00a0\u00bbstyle-1&Prime; title_item=\u00a0\u00bbTransit\u00a0\u00bb box_shadow=\u00a0\u00bbtrue\u00a0\u00bb button_text=\u00a0\u00bbRead More\u00a0\u00bb cms_template=\u00a0\u00bbcms_fancybox_single.php\u00a0\u00bb description_item=\u00a0\u00bbSTT-INTER g\u00e8re vos d\u00e9clarations d&rsquo;importation et d&rsquo;exportation avec un souci constant de rapidit\u00e9 et d&rsquo;efficacit\u00e9&#8230;\u00a0\u00bb image=\u00a0\u00bb1793&Prime; link=\u00a0\u00bburl:https%3A%2F%2Fstt-inter.com%2F%3Fservices%3Drailroad-transportation|title:En%20savoir%20plus\u00a0\u00bb][\/vc_column][vc_column width=\u00a0\u00bb1\/3&Prime; css=\u00a0\u00bb.vc_custom_1508555797067{margin-bottom: 30px !important;}\u00a0\u00bb][cms_fancybox_single fancy_style=\u00a0\u00bbstyle-1&Prime; title_item=\u00a0\u00bbImport-Export\u00a0\u00bb box_shadow=\u00a0\u00bbtrue\u00a0\u00bb button_text=\u00a0\u00bbRead More\u00a0\u00bb cms_template=\u00a0\u00bbcms_fancybox_single.php\u00a0\u00bb description_item=\u00a0\u00bbSTT-INTER assure l&rsquo;importation et l&rsquo;exportation de diverses marchandises en partance de ou \u00e0 destination de la C\u00f4te d&rsquo;Ivoire.\u00a0\u00bb image=\u00a0\u00bb1801&Prime; link=\u00a0\u00bburl:https%3A%2F%2Fstt-inter.com%2F%3Fservices%3Dpacking-and-storage|title:En%20savoir%20plus\u00a0\u00bb][\/vc_column][\/vc_row][vc_row full_width=\u00a0\u00bbstretch_row\u00a0\u00bb css_animation=\u00a0\u00bbfadeIn\u00a0\u00bb css=\u00a0\u00bb.vc_custom_1522465812695{padding-top: 70px !important;padding-bottom: 50px !important;background-color: #f0f0f0 !important;}\u00a0\u00bb][vc_column css=\u00a0\u00bb.vc_custom_1508682303495{padding-bottom: 25px !important;}\u00a0\u00bb][vc_row_inner css=\u00a0\u00bb.vc_custom_1508746159305{padding-bottom: 35px !important;}\u00a0\u00bb][vc_column_inner][vc_custom_heading text=\u00a0\u00bbNos Services\u00a0\u00bb font_container=\u00a0\u00bbtag:h3|text_align:left|color:%23006DB7&Prime; use_theme_fonts=\u00a0\u00bbyes\u00a0\u00bb css=\u00a0\u00bb\u00a0\u00bb][\/vc_column_inner][\/vc_row_inner][vc_row_inner][vc_column_inner width=\u00a0\u00bb1\/3&Prime;][cms_fancybox_single fancy_style=\u00a0\u00bbstyle-2&Prime; icon_fontawesome=\u00a0\u00bbfas fa-motorcycle\u00a0\u00bb title_item=\u00a0\u00bbLivraison moto express\u00a0\u00bb icon_left=\u00a0\u00bb1&Prime; description_item=\u00a0\u00bbService de livraison express \u00e0 moto, optimis\u00e9 pour les d\u00e9placements urbains.\u00a0\u00bb][\/vc_column_inner][vc_column_inner width=\u00a0\u00bb1\/3&Prime;][cms_fancybox_single fancy_style=\u00a0\u00bbstyle-2&Prime; icon_fontawesome=\u00a0\u00bbfa fa-plane\u00a0\u00bb title_item=\u00a0\u00bbTRANSIT\u00a0\u00bb icon_left=\u00a0\u00bb1&Prime; description_item=\u00a0\u00bbSTT-INTER, organise la r\u00e9ception\/ l\u2019enl\u00e8vement sur votre ordre d\u2019ex\u00e9cution\u00a0\u00bb][\/vc_column_inner][vc_column_inner width=\u00a0\u00bb1\/3&Prime;][cms_fancybox_single fancy_style=\u00a0\u00bbstyle-2&Prime; icon_fontawesome=\u00a0\u00bbfa fa-train\u00a0\u00bb title_item=\u00a0\u00bbImport-Export\u00a0\u00bb icon_left=\u00a0\u00bb1&Prime; description_item=\u00a0\u00bbVotre temps est pr\u00e9cieux, et nous vous offrons des solutions claires, rapides et adapt\u00e9es.\u00a0\u00bb][\/vc_column_inner][\/vc_row_inner][vc_row_inner][vc_column_inner width=\u00a0\u00bb1\/3&Prime;][cms_fancybox_single fancy_style=\u00a0\u00bbstyle-2&Prime; icon_fontawesome=\u00a0\u00bbfa fa-ship\u00a0\u00bb title_item=\u00a0\u00bbRavitaillement Grossiste\u00a0\u00bb icon_left=\u00a0\u00bb1&Prime; description_item=\u00a0\u00bbSTT-INTER est votre partenaire de confiance pour le ravitaillement des grossistes \u00e0 travers le monde\u00a0\u00bb][cms_fancybox_single fancy_style=\u00a0\u00bbstyle-2&Prime; icon_fontawesome=\u00a0\u00bbfas fa-laptop\u00a0\u00bb title_item=\u00a0\u00bbAchat et vente de mat\u00e9riel informatique\u00a0\u00bb icon_left=\u00a0\u00bb1&Prime; description_item=\u00a0\u00bbVotre partenaire pour l\u2019achat et la vente de mat\u00e9riel informatique.\u00a0\u00bb][\/vc_column_inner][vc_column_inner width=\u00a0\u00bb1\/3&Prime;][cms_fancybox_single fancy_style=\u00a0\u00bbstyle-2&Prime; icon_fontawesome=\u00a0\u00bbfa fa-dropbox\u00a0\u00bb title_item=\u00a0\u00bbExp\u00e9dition DHL\u00a0\u00bb icon_left=\u00a0\u00bb1&Prime; description_item=\u00a0\u00bbGr\u00e2ce \u00e0 notre expertise et au r\u00e9seau DHL, vos envois arrivent dans les d\u00e9lais les plus courts.\u00a0\u00bb][cms_fancybox_single fancy_style=\u00a0\u00bbstyle-2&Prime; icon_fontawesome=\u00a0\u00bbfas fa-shopping-basket\u00a0\u00bb title_item=\u00a0\u00bbAchat et Vente\u00a0\u00bb icon_left=\u00a0\u00bb1&Prime; description_item=\u00a0\u00bbAchat, vente et distribution de mat\u00e9riel de construction et de mat\u00e9riel bureautique\u00a0\u00bb][\/vc_column_inner][vc_column_inner width=\u00a0\u00bb1\/3&Prime;][cms_fancybox_single fancy_style=\u00a0\u00bbstyle-2&Prime; icon_fontawesome=\u00a0\u00bbfa fa-globe\u00a0\u00bb title_item=\u00a0\u00bbTirage et D\u00e9claration Import-Export\u00a0\u00bb icon_left=\u00a0\u00bb1&Prime; description_item=\u00a0\u00bbUne Gestion Optimis\u00e9e pour vos Formalit\u00e9s Douani\u00e8res\u00a0\u00bb][cms_fancybox_single fancy_style=\u00a0\u00bbstyle-2&Prime; icon_fontawesome=\u00a0\u00bbfas fa-cart-arrow-down\u00a0\u00bb title_item=\u00a0\u00bbAchat et vente de Produits Exotique et Divers\u00a0\u00bb icon_left=\u00a0\u00bb1&Prime; description_item=\u00a0\u00bbVotre partenaire pour l\u2019achat et la vente de produits exotiques.\u00a0\u00bb][\/vc_column_inner][\/vc_row_inner][\/vc_column][\/vc_row][vc_row css_animation=\u00a0\u00bbfadeIn\u00a0\u00bb css=\u00a0\u00bb.vc_custom_1735567171283{padding-top: 60px !important;padding-bottom: 90px !important;}\u00a0\u00bb][vc_column width=\u00a0\u00bb1\/2&Prime; css=\u00a0\u00bb.vc_custom_1508746835896{margin-top: 30px !important;}\u00a0\u00bb][vc_row_inner css=\u00a0\u00bb.vc_custom_1508989232711{padding-top: 18px !important;}\u00a0\u00bb][vc_column_inner][vc_custom_heading text=\u00a0\u00bb\u00c0 propos de la soci\u00e9t\u00e9\u00a0\u00bb font_container=\u00a0\u00bbtag:h3|text_align:left|color:%23006DB7&Prime; use_theme_fonts=\u00a0\u00bbyes\u00a0\u00bb css=\u00a0\u00bb.vc_custom_1735561277180{margin-bottom: 20px !important;}\u00a0\u00bb][vc_separator color=\u00a0\u00bbsky\u00a0\u00bb align=\u00a0\u00bbalign_left\u00a0\u00bb border_width=\u00a0\u00bb3&Prime; el_width=\u00a0\u00bb10&Prime; css=\u00a0\u00bb\u00a0\u00bb][vc_empty_space height=\u00a0\u00bb15px\u00a0\u00bb][vc_column_text css=\u00a0\u00bb.vc_custom_1735531260249{padding-bottom: 30px !important;}\u00a0\u00bb]La Soci\u00e9t\u00e9 STT-INTER est une SARL au capital de 5 000 000 FCFA cr\u00e9\u00e9e en 2017 par\u00a0M. KADJO W. S. PACOME\u00a0<span class=\"citation-3 citation-end-3 interactive-span-selected-v2\">qui assure les fonctions de Directeur G\u00e9n\u00e9ral. Son si\u00e8ge social est \u00e0 Port-Bou\u00ebt, dans le voisinage imm\u00e9diat de l\u2019a\u00e9roport F\u00e9lix Houphouet Boigny, entre l\u2019a\u00e9roport et la cit\u00e9 douane.<sup class=\"superscript visible highlight\" data-turn-source-index=\"4\"> 1 <\/sup><\/span> Avec des agences \u00e0 Port-Bou\u00ebt, Adjam\u00e9, au S\u00e9n\u00e9gal et en France,[\/vc_column_text][vc_column_text css=\u00a0\u00bb\u00a0\u00bb]STT-INTER offre une couverture g\u00e9ographique \u00e9tendue pour r\u00e9pondre aux besoins de ses clients en mati\u00e8re de transport express, de logistique et de transport de marchandises. Nos agences sont \u00e9quip\u00e9es pour g\u00e9rer efficacement vos envois, qu&rsquo;il s&rsquo;agisse de colis individuels ou de lots importants, et vous assurent un suivi personnalis\u00e9 tout au long du processus.[\/vc_column_text][cms_fancybox_single fancy_style=\u00a0\u00bbstyle-1&Prime; link=\u00a0\u00bburl:%23|title:En%20savoir%20plus\u00a0\u00bb][\/vc_column_inner][\/vc_row_inner][\/vc_column][vc_column width=\u00a0\u00bb1\/2&Prime; css=\u00a0\u00bb.vc_custom_1508989348299{padding-top: 30px !important;}\u00a0\u00bb][vc_single_image image=\u00a0\u00bb1839&Prime; img_size=\u00a0\u00bbfull\u00a0\u00bb css_animation=\u00a0\u00bbfadeInRight\u00a0\u00bb css=\u00a0\u00bb\u00a0\u00bb][\/vc_column][\/vc_row][vc_row css_animation=\u00a0\u00bbfadeIn\u00a0\u00bb css=\u00a0\u00bb.vc_custom_1735567171283{padding-top: 60px !important;padding-bottom: 90px !important;}\u00a0\u00bb][vc_column width=\u00a0\u00bb1\/2&Prime; css=\u00a0\u00bb.vc_custom_1508746835896{margin-top: 30px !important;}\u00a0\u00bb][vc_row_inner css=\u00a0\u00bb.vc_custom_1508989232711{padding-top: 18px !important;}\u00a0\u00bb][vc_column_inner][vc_custom_heading text=\u00a0\u00bbVOTRE OPINION NOUS INTERESSE !\u00a0\u00bb font_container=\u00a0\u00bbtag:h3|text_align:left|color:%23006DB7&Prime; use_theme_fonts=\u00a0\u00bbyes\u00a0\u00bb css=\u00a0\u00bb.vc_custom_1735567329064{margin-bottom: 20px !important;}\u00a0\u00bb][vc_separator color=\u00a0\u00bbsky\u00a0\u00bb align=\u00a0\u00bbalign_left\u00a0\u00bb border_width=\u00a0\u00bb3&Prime; el_width=\u00a0\u00bb10&Prime; css=\u00a0\u00bb\u00a0\u00bb][vc_empty_space height=\u00a0\u00bb15px\u00a0\u00bb][vc_column_text css=\u00a0\u00bb\u00a0\u00bb]<strong>Votre avis nous int\u00e9resse !<\/strong> Cliquez sur la pastille bleue pour r\u00e9pondre \u00e0 notre enqu\u00eate de satisfaction.[\/vc_column_text][vc_btn title=\u00a0\u00bbJe participe \u00e0 l&rsquo;enqu\u00eate\u00a0\u00bb color=\u00a0\u00bbprimary\u00a0\u00bb css=\u00a0\u00bb\u00a0\u00bb link=\u00a0\u00bburl:https%3A%2F%2Fdocs.google.com%2Fforms%2Fd%2Fe%2F1FAIpQLSffK6hptRBpevFHM3huSb6osgTPyAch09EsUh1lTbTGmtCzJQ%2Fviewform|target:_blank\u00a0\u00bb][\/vc_column_inner][\/vc_row_inner][\/vc_column][vc_column width=\u00a0\u00bb1\/2&Prime; css=\u00a0\u00bb.vc_custom_1508989348299{padding-top: 30px !important;}\u00a0\u00bb][vc_single_image image=\u00a0\u00bb1850&Prime; img_size=\u00a0\u00bbfull\u00a0\u00bb css_animation=\u00a0\u00bbfadeInRight\u00a0\u00bb css=\u00a0\u00bb\u00a0\u00bb][\/vc_column][\/vc_row][vc_row full_width=\u00a0\u00bbstretch_row\u00a0\u00bb css_animation=\u00a0\u00bbfadeInLeft\u00a0\u00bb css=\u00a0\u00bb.vc_custom_1522465892446{margin-top: 60px !important;margin-bottom: 60px !important;}\u00a0\u00bb][vc_column][vc_custom_heading text=\u00a0\u00bbNos partenaires &amp; r\u00e9f\u00e9rences\u00a0\u00bb font_container=\u00a0\u00bbtag:h3|text_align:left|color:%23006DB7&Prime; use_theme_fonts=\u00a0\u00bbyes\u00a0\u00bb css=\u00a0\u00bb.vc_custom_1735561248468{margin-bottom: 20px !important;}\u00a0\u00bb][vc_empty_space height=\u00a0\u00bb15px\u00a0\u00bb][cms_client_carousel border_image=\u00a0\u00bb1&Prime; xsmall_items=\u00a0\u00bb3&Prime; small_items=\u00a0\u00bb3&Prime; medium_items=\u00a0\u00bb6&Prime; large_items=\u00a0\u00bb6&Prime; loop=\u00a0\u00bb\u00a0\u00bb nav=\u00a0\u00bb\u00a0\u00bb dots=\u00a0\u00bb\u00a0\u00bb values=\u00a0\u00bb%5B%7B%22client_image%22%3A%221821%22%7D%2C%7B%22client_image%22%3A%221819%22%7D%2C%7B%22client_image%22%3A%221823%22%7D%2C%7B%22client_image%22%3A%221825%22%7D%2C%7B%22client_image%22%3A%221831%22%7D%2C%7B%22client_image%22%3A%221833%22%7D%2C%7B%22client_image%22%3A%221827%22%7D%2C%7B%22client_image%22%3A%221829%22%7D%5D\u00a0\u00bb][\/vc_column][\/vc_row]<\/p>\n<\/div>","protected":false},"excerpt":{"rendered":"<p>[vc_row][vc_column][rev_slider_vc alias=\u00a0\u00bbhome_1&Prime;][\/vc_column][\/vc_row][vc_row css_animation=\u00a0\u00bbfadeInDown\u00a0\u00bb css=\u00a0\u00bb.vc_custom_1522465803167{margin-bottom: 15px !important;padding-top: 45px !important;}\u00a0\u00bb][vc_column width=\u00a0\u00bb1\/3&Prime; css=\u00a0\u00bb.vc_custom_1508555782010{margin-bottom: 30px !important;}\u00a0\u00bb][cms_fancybox_single fancy_style=\u00a0\u00bbstyle-1&Prime; title_item=\u00a0\u00bbLivraison s\u00fbre et s\u00e9curis\u00e9e\u00a0\u00bb box_shadow=\u00a0\u00bbtrue\u00a0\u00bb button_text=\u00a0\u00bbRead More\u00a0\u00bb cms_template=\u00a0\u00bbcms_fancybox_single.php\u00a0\u00bb description_item=\u00a0\u00bbSTT-INTER assure le transport et la logistique de vos marchandises tant a\u00e9rien, maritime que terrestre \u00e0 votre enti\u00e8re satisfaction\u00a0\u00bb image=\u00a0\u00bb1773&Prime; link=\u00a0\u00bburl:https%3A%2F%2Fstt-inter.com%2F%3Fservices%3Dglobal-transportation|title:En%20savoir%20plus\u00a0\u00bb][\/vc_column][vc_column width=\u00a0\u00bb1\/3&Prime; css=\u00a0\u00bb.vc_custom_1508555789869{margin-bottom: 30px !important;}\u00a0\u00bb][cms_fancybox_single fancy_style=\u00a0\u00bbstyle-1&Prime; title_item=\u00a0\u00bbTransit\u00a0\u00bb box_shadow=\u00a0\u00bbtrue\u00a0\u00bb button_text=\u00a0\u00bbRead More\u00a0\u00bb cms_template=\u00a0\u00bbcms_fancybox_single.php\u00a0\u00bb description_item=\u00a0\u00bbSTT-INTER g\u00e8re vos<\/p>\n","protected":false},"author":1,"featured_media":0,"parent":0,"menu_order":0,"comment_status":"closed","ping_status":"open","template":"","meta":{"footnotes":""},"class_list":["post-695","page","type-page","status-publish","hentry"],"_links":{"self":[{"href":"https:\/\/stt-inter.com\/index.php?rest_route=\/wp\/v2\/pages\/695","targetHints":{"allow":["GET"]}}],"collection":[{"href":"https:\/\/stt-inter.com\/index.php?rest_route=\/wp\/v2\/pages"}],"about":[{"href":"https:\/\/stt-inter.com\/index.php?rest_route=\/wp\/v2\/types\/page"}],"author":[{"embeddable":true,"href":"https:\/\/stt-inter.com\/index.php?rest_route=\/wp\/v2\/users\/1"}],"replies":[{"embeddable":true,"href":"https:\/\/stt-inter.com\/index.php?rest_route=%2Fwp%2Fv2%2Fcomments&post=695"}],"version-history":[{"count":136,"href":"https:\/\/stt-inter.com\/index.php?rest_route=\/wp\/v2\/pages\/695\/revisions"}],"predecessor-version":[{"id":1995,"href":"https:\/\/stt-inter.com\/index.php?rest_route=\/wp\/v2\/pages\/695\/revisions\/1995"}],"wp:attachment":[{"href":"https:\/\/stt-inter.com\/index.php?rest_route=%2Fwp%2Fv2%2Fmedia&parent=695"}],"curies":[{"name":"wp","href":"https:\/\/api.w.org\/{rel}","templated":true}]}}